divided by 286.
285
What is the remainder when 171423 is divided by 667?
4
Calculate the remainder when 222901 is divided by 14.
7
Calculate the remainder when 3260 is divided by 636.
80
What is the remainder when 9764 is divided by 61?
4
What is the remainder when 46022 is divided by 27?
14
Calculate the remainder when 1329 is divided by 444.
441
What is the remainder when 371 is divided by 41?
2
Calculate the remainder when 335275 is divided by 169.
148
What is the remainder when 23556 is divided by 1680?
36
What is the remainder when 679749 is divided by 35776?
5
What is the remainder when 375 is divided by 38?
33
Calculate the remainder when 21632560 is divided by 21.
19
What is the remainder when 27359 is divided by 9109?
32
Calculate the remainder when 26240 is divided by 370.
340
Calculate the remainder when 26265 is divided by 1047.
90
Calculate the remainder when 13727 is divided by 509.
493
What is the remainder when 2555 is divided by 423?
17
What is the remainder when 69390 is divided by 168?
6
What is the remainder when 23577 is divided by 24?
9
Calculate the remainder when 117469 is divided by 261.
19
Calculate the remainder when 20573 is divided by 16.
13
What is the remainder when 223307 is divided by 182?
175
What is the remainder when 11163 is divided by 293?
29
Calculate the remainder when 435 is divided by 114.
93
Calculate the remainder when 24407 is divided by 454.
345
What is the remainder when 10339 is divided by 52?
43
What is the remainder when 17213 is divided by 22?
9
What is the remainder when 56374 is divided by 28184?
6
Calculate the remainder when 5004 is divided by 946.
274
Calculate the remainder when 1058731 is divided by 168.
163
Calculate the remainder when 39705 is divided by 21.
15
Calculate the remainder when 598734 is divided by 299360.
14
Calculate the remainder when 487429 is divided by 6.
1
Calculate the remainder when 11745 is divided by 1922.
213
Calculate the remainder when 3136 is divided by 47.
34
What is the remainder when 147028 is divided by 27?
13
What is the remainder when 2548 is divided by 1418?
1130
Calculate the remainder when 162301 is divided by 128.
125
What is the remainder when 33317 is divided by 68?
65
Calculate the remainder when 20290 is divided by 104.
10
What is the remainder when 244400 is divided by 12?
8
Calculate the remainder when 25275 is divided by 436.
423
Calculate the remainder when 192821 is divided by 4.
1
Calculate the remainder when 210260 is divided by 87.
68
Calculate the remainder when 2935 is divided by 978.
1
What is the remainder when 3163 is divided by 405?
328
What is the remainder when 1473 is divided by 302?
265
What is the remainder when 9780 is divided by 3246?
42
What is the remainder when 2048 is divided by 674?
26
Calculate the remainder when 27000 is divided by 362.
212
What is the remainder when 40230 is divided by 42?
36
What is the remainder when 7530 is divided by 27?
24
Calculate the remainder when 45571 is divided by 13.
6
What is the remainder when 773783 is divided by 9?
8
Calculate the remainder when 5981 is divided by 517.
294
What is the remainder when 16197 is divided by 8?
5
What is the remainder when 11718 is divided by 11706?
12
Calculate the remainder when 105550 is divided by 75.
25
What is the remainder when 11176 is divided by 5559?
58
Calculate the remainder when 34317 is divided by 34310.
7
Calculate the remainder when 52709 is divided by 30.
29
Calculate the remainder when 1769942 is divided by 589.
586
What is the remainder when 3493 is divided by 1538?
417
Calculate the remainder when 38573 is divided by 74.
19
What is the remainder when 388967 is divided by 23?
14
What is the remainder when 62272 is divided by 164?
116
What is the remainder when 4744 is divided by 2215?
314
Calculate the remainder when 523148 is divided by 126.
122
What is the remainder when 5980 is divided by 68?
64
What is the remainder when 2945 is divided by 70?
5
What is the remainder when 56508 is divided by 154?
144
Calculate the remainder when 45652 is divided by 7600.
52
Calculate the remainder when 3235 is divided by 96.
67
Calculate the remainder when 149817 is divided by 173.
172
Calculate the remainder when 503394 is divided by 3570.
24
What is the remainder when 30637 is divided by 21?
19
What is the remainder when 19958 is divided by 104?
94
Calculate the remainder when 87646 is divided by 19.
18
Calculate the remainder when 8262 is divided by 95.
92
Calculate the remainder when 2027 is divided by 235.
147
Calculate the remainder when 10602 is divided by 44.
42
What is the remainder when 18217 is divided by 93?
82
What is the remainder when 2578 is divided by 846?
40
What is the remainder when 4932 is divided by 7?
4
What is the remainder when 295290 is divided by 73?
5
Calculate the remainder when 747325 is divided by 57.
55
What is the remainder when 1574 is divided by 404?
362
What is the remainder when 2524 is divided by 101?
100
What is the remainder when 8434 is divided by 111?
109
Calculate the remainder when 19388 is divided by 6454.
26
Calculate the remainder when 8954 is divided by 20.
14
Calculate the remainder when 557935 is divided by 30.
25
What is the remainder when 566 is divided by 528?
38
What is the remainder when 71562 is divided by 72?
66
What is the remainder when 46118 is divided by 7684?
14
What is the remainder when 546038 is divided by 144?
134
What is the remainder when 14383 is divided by 38?
19
What is the remainder when 888 is divided by 49?
6
Calculate the remainder when 7910 is divided by 37.
29
Calculate the remainder when 22970 is divided by 3812.
98
What is the remainder when 27192 is divided by 15?
12
Calculate the remainder when 15848 is divided by 125.
98
What is the remainder when 217990 is divided by 17?
16
Calculate the remainder when 5201725 is divided by 46.
45
Calculate the remainder when 1287 is divided by 181.
20
Calculate the remainder when 83582 is divided by 6411.
239
Calculate the remainder when 10876 is divided by 74.
72
Calculate the remainder when 17617 is divided by 4.
1
Calculate the remainder when 16740 is divided by 1191.
66
Calculate the remainder when 81079 is divided by 189.
187
What is the remainder when 7163 is divided by 36?
35
What is the remainder when 343 is divided by 134?
75
Calculate the remainder when 2605 is divided by 232.
53
Calculate the remainder when 14093 is divided by 5943.
2207
What is the remainder when 2734 is divided by 73?
33
What is the remainder when 299 is divided by 5?
4
What is the remainder when 2173 is divided by 39?
28
What is the remainder when 1122 is divided by 182?
30
What is the remainder when 116015 is divided by 198?
185
Calculate the remainder when 3207 is divided by 72.
39
Calculate the remainder when 12602 is divided by 137.
135
Calculate the remainder when 7486 is divided by 935.
6
Calculate the remainder when 450358 is divided by 180.
178
What is the remainder when 2261336 is divided by 214?
212
Calculate the remainder when 16368 is divided by 65.
53
Calculate the remainder when 183909 is divided by 405.
39
Calculate the remainder when 38892 is divided by 12959.
15
Calculate the remainder when 19869 is divided by 38.
33
What is the remainder when 7093 is divided by 314?
185
What is the remainder when 4340 is divided by 2165?
10
What is the remainder when 10316 is divided by 42?
26
Calculate the remainder when 2560 is divided by 858.
844
Calculate the remainder when 57220 is divided by 1467.
7
What is the remainder when 5896 is divided by 1465?
36
Calculate the remainder when 18955 is divided by 2104.
19
Calculate the remainder when 2162039 is divided by 153.
149
Calculate the remainder when 55273 is divided by 271.
260
Calculate the remainder when 705241 is divided by 157.
154
Calculate the remainder when 250710 is divided by 154.
152
Calculate the remainder when 645788 is divided by 124.
120
What is the remainder when 485 is divided by 42?
23
What is the remainder when 57317 is divided by 28653?
11
What is the remainder when 19223 is divided by 18989?
234
Calculate the remainder when 18719 is divided by 60.
59
What is the remainder when 10042 is divided by 3339?
25
What is the remainder when 91371 is divided by 11417?
35
Calculate th